{"id":65,"date":"2024-05-07T19:55:25","date_gmt":"2024-05-07T19:55:25","guid":{"rendered":"http:\/\/demo.psicoweb.co\/padresconscientes\/?page_id=65"},"modified":"2025-03-01T20:57:58","modified_gmt":"2025-03-01T20:57:58","slug":"quien-soy","status":"publish","type":"page","link":"https:\/\/psicoweb.com.es\/padresconscientes\/quien-soy\/","title":{"rendered":"Qui\u00e9n soy"},"content":{"rendered":"<section id=\"particles-js\" class=\"bde-section-65-100 bde-section\">\n              \n  \n  \n\t\n\n  <div class=\"section-background-overlay\"><\/div>\n\n\n<div class=\"section-container\"><div class=\"bde-code-block-65-101 bde-code-block\">\n\n  <style>\n.particles-js-canvas-el {\nwidth: 100%;\nheight: 100%;\nposition: absolute;\nz-index: 0;\ntop: 0;\n}\n<\/style>\n \n<script src=\"https:\/\/cdn.jsdelivr.net\/particles.js\/2.0.0\/particles.min.js\"><\/script>\n \n<script>\nparticlesJS(\"particles-js\", {\"particles\":{\"number\":{\"value\":80,\"density\":{\"enable\":true,\"value_area\":800}},\"color\":{\"value\":\"#ffffff\"},\"shape\":{\"type\":\"circle\",\"stroke\":{\"width\":0,\"color\":\"#000000\"},\"polygon\":{\"nb_sides\":5},\"image\":{\"src\":\"img\/github.svg\",\"width\":100,\"height\":100}},\"opacity\":{\"value\":0.5,\"random\":false,\"anim\":{\"enable\":false,\"speed\":1,\"opacity_min\":0.1,\"sync\":false}},\"size\":{\"value\":3,\"random\":true,\"anim\":{\"enable\":false,\"speed\":40,\"size_min\":0.1,\"sync\":false}},\"line_linked\":{\"enable\":true,\"distance\":150,\"color\":\"#ffffff\",\"opacity\":0.4,\"width\":1},\"move\":{\"enable\":true,\"speed\":6,\"direction\":\"none\",\"random\":false,\"straight\":false,\"out_mode\":\"out\",\"bounce\":false,\"attract\":{\"enable\":false,\"rotateX\":600,\"rotateY\":1200}}},\"interactivity\":{\"detect_on\":\"canvas\",\"events\":{\"onhover\":{\"enable\":true,\"mode\":\"repulse\"},\"onclick\":{\"enable\":true,\"mode\":\"push\"},\"resize\":true},\"modes\":{\"grab\":{\"distance\":400,\"line_linked\":{\"opacity\":1}},\"bubble\":{\"distance\":400,\"size\":40,\"duration\":2,\"opacity\":8,\"speed\":3},\"repulse\":{\"distance\":200,\"duration\":0.4},\"push\":{\"particles_nb\":4},\"remove\":{\"particles_nb\":2}}},\"retina_detect\":true});var count_particles, stats, update; stats = new Stats; stats.setMode(0); stats.domElement.style.position = 'absolute'; stats.domElement.style.left = '0px'; stats.domElement.style.top = '0px'; document.body.appendChild(stats.domElement); count_particles = document.querySelector('.js-count-particles'); update = function() { stats.begin(); stats.end(); if (window.pJSDom[0].pJS.particles && window.pJSDom[0].pJS.particles.array) { count_particles.innerText = window.pJSDom[0].pJS.particles.array.length; } requestAnimationFrame(update); }; requestAnimationFrame(update);;\n<\/script>\n\n\n<\/div><div class=\"bde-div-65-102 bde-div\">\n  \n  \n\t\n\n\n\n<div class=\"bde-div-65-103 bde-div\" data-entrance=\"slideUp\">\n  \n  \n\t\n\n\n\n<h1 class=\"bde-heading-65-104 bde-heading\" data-entrance=\"fade\">\nQuien Soy\n<\/h1>\n<\/div><div class=\"bde-div-65-105 bde-div\">\n  \n  \n\t\n\n\n\n<div class=\"bde-button-65-106 bde-button\" data-entrance=\"fade\">\n    \n                                    \n    \n    \n    \n    \n            \n                    \n            \n            \n\n    \n    \n    \n    \n    \n    <a class=\"breakdance-link button-atom button-atom--custom bde-button__button\" href=\"#Section-1-quien-soy\" target=\"_self\" data-type=\"url\"  >\n\n    \n        <span class=\"button-atom__text\">Ver<\/span>\n\n                            \n        \n                <\/a>\n\n    \n\n\n<\/div>\n<\/div>\n<\/div><\/div>\n<\/section><section id=\"Section-1-quien-soy\" class=\"bde-section-65-107 bde-section\">\n  \n  \n\t\n\n\n\n<div class=\"section-container\"><div class=\"bde-columns-65-108 bde-columns\"><div class=\"bde-column-65-109 bde-column\">\n  \n  \n\t\n\n\n\n<div class=\"bde-image-65-110 bde-image\">\n<figure class=\"breakdance-image breakdance-image--1003\">\n\t<div class=\"breakdance-image-container\">\n\t\t<div class=\"breakdance-image-clip\"><img decoding=\"async\" class=\"breakdance-image-object\" src=\"https:\/\/demo.psicoweb.co\/padresconscientes\/wp-content\/uploads\/2024\/06\/young-green-plant-in-hands-in-background-of-agricu-2024-03-08-23-32-57-utc-768x511.webp\" width=\"768\" height=\"511\" srcset=\"https:\/\/demo.psicoweb.co\/padresconscientes\/wp-content\/uploads\/2024\/06\/young-green-plant-in-hands-in-background-of-agricu-2024-03-08-23-32-57-utc.webp 1000w, https:\/\/demo.psicoweb.co\/padresconscientes\/wp-content\/uploads\/2024\/06\/young-green-plant-in-hands-in-background-of-agricu-2024-03-08-23-32-57-utc-300x200.webp 300w, https:\/\/demo.psicoweb.co\/padresconscientes\/wp-content\/uploads\/2024\/06\/young-green-plant-in-hands-in-background-of-agricu-2024-03-08-23-32-57-utc-768x511.webp 768w\" sizes=\"(max-width: 1000px) 100vw, 1000px\"><\/div>\n\t<\/div><\/figure>\n\n<\/div>\n<\/div><div class=\"bde-column-65-111 bde-column\">\n  \n  \n\t\n\n\n\n<div class=\"bde-text-65-112 bde-text\">\nPsic\u00f3loga\n<\/div><h2 class=\"bde-heading-65-113 bde-heading\">\nEsmeralda Aguirre\n<\/h2><div class=\"bde-text-65-114 bde-text\">\nHola, me llamo Esmeralda Aguirre y soy Psic\u00f3loga y madre. Mi inter\u00e9s en la Crianza Respetuosa empez\u00f3 en el minuto uno, desde que supe que iba a ser madre. Desde ese instante, me compromet\u00ed a crear un entorno lleno de amor, comprensi\u00f3n y respeto para mi hijo.<br><br>La crianza respetuosa no solo se ha convertido en una filosof\u00eda de vida para m\u00ed, sino tambi\u00e9n en una extensi\u00f3n natural de mi profesi\u00f3n. A trav\u00e9s de mis estudios y experiencia, he aprendido que cada ni\u00f1o es un ser \u00fanico que merece ser escuchado y valorado.<br><br>Mi objetivo es guiar a otros padres en este hermoso camino, ayud\u00e1ndoles a construir relaciones s\u00f3lidas y saludables con sus hijos basadas en el respeto mutuo y la empat\u00eda.<br><br>Mi experiencia vital en la infancia ha sido un detonador fundamental para que me adentrara en el fascinante mundo de la Psicolog\u00eda. A trav\u00e9s de mi carrera y diversas formaciones, como la Psicolog\u00eda Humanista, Transpersonal e Integrativa, he encontrado una manera de canalizar mis vivencias personales hacia un prop\u00f3sito mayor: ayudar, acompa\u00f1ar y sostener a personas en situaci\u00f3n de sufrimiento psicol\u00f3gico. <br><br>Cada teor\u00eda y t\u00e9cnica aprendida no solo ha enriquecido mi conocimiento profesional, sino que tambi\u00e9n ha sanado partes de mi propio ser, permiti\u00e9ndome ofrecer un apoyo m\u00e1s emp\u00e1tico y aut\u00e9ntico a quienes buscan alivio y comprensi\u00f3n en sus momentos m\u00e1s oscuros.<br><br>Pero fue cuando supe que iba a ser madre que me di cuenta de la gran importancia que tiene la prevenci\u00f3n para evitar, en la medida de lo posible, traumas tempranos y trastornos que pueden acontecer en la edad adulta como consecuencia de no haber identificado y abordado los indicadores que pueden conllevar problemas de diferente \u00edndole en la etapa infantil, adolescente y posteriormente adulta.<br><br>Comprend\u00ed que mi responsabilidad no solo se limitaba a proveer amor y cuidados b\u00e1sicos, sino tambi\u00e9n a estar atenta a las se\u00f1ales sutiles que podr\u00edan indicar dificultades emocionales o comportamentales. La prevenci\u00f3n se convirti\u00f3 en una prioridad, gui\u00e1ndome a buscar informaci\u00f3n, apoyo profesional y estrategias efectivas para asegurar un desarrollo saludable y equilibrado para mi hijo, consciente de que cada peque\u00f1o esfuerzo hoy podr\u00eda significar una vida m\u00e1s plena y feliz ma\u00f1ana.<br><br>Me di cuenta tambi\u00e9n de c\u00f3mo el bienestar psico-biol\u00f3gico, emocional y espiritual de la madre es sumamente importante para que se pueda conseguir un v\u00ednculo sano con el beb\u00e9 desde que est\u00e1 en el \u00fatero materno y en la primera infancia. La madre, como h\u00e1bitat natural del beb\u00e9, especialmente en los primeros a\u00f1os de vida, juega un papel crucial en el desarrollo de un apego seguro.<br><br>Este apego no solo fortalece la relaci\u00f3n madre-hijo, sino que tambi\u00e9n sienta las bases para una mayor confianza y seguridad en la vida del ni\u00f1o, influyendo positivamente en su desarrollo emocional y social a lo largo de su vida adulta. As\u00ed, cuidar integralmente a la madre es esencial para nutrir una generaci\u00f3n futura m\u00e1s equilibrada y resiliente.<br><br>El papel del padre, pareja y\/o familia se vuelve crucial para hacer frente al apoyo y sost\u00e9n que requiere la madre durante el embarazo, el nacimiento del beb\u00e9, y en las etapas de la primera y segunda infancia, as\u00ed como en la adolescencia.<br><br>Durante el embarazo, la madre necesita un entorno de amor y comprensi\u00f3n que le permita enfrentar los cambios f\u00edsicos y emocionales. Al nacer el beb\u00e9, el apoyo constante en las tareas diarias y en la crianza es fundamental para que ambos padres puedan adaptarse a su nuevo rol.<br><br>En la primera infancia, la colaboraci\u00f3n en el cuidado y educaci\u00f3n del ni\u00f1o fortalece los v\u00ednculos familiares y proporciona un modelo de unidad y cooperaci\u00f3n. Finalmente, durante la adolescencia, una red de apoyo s\u00f3lida es esencial para guiar al joven en su camino hacia la independencia, asegurando que se sienta respaldado y comprendido en cada paso de su desarrollo.\n<\/div>\n<\/div><\/div><\/div>\n<\/section><section class=\"bde-section-65-115 bde-section\">\n  \n  \n\t\n\n\n\n<div class=\"section-container\"><div class=\"bde-text-65-116 bde-text\">\nEntonces\n<\/div><h2 class=\"bde-heading-65-117 bde-heading\">\nSi as\u00ed lo crees\n<\/h2><div class=\"bde-text-65-118 bde-text\">\nNo dudes en contactar conmigo, estar\u00e9 encantada de escucharte.<br>Bienvenida al viaje m\u00e1s maravilloso y creativo de tu vida y la de tus hijos.\n<\/div><div class=\"bde-image-accordion-65-119 bde-image-accordion\">\n\n  \n    \n    <div class=\"ee-image-accordion-item ee-image-accordion-item-1\">\n\n                            \n            \n            \n\n    \n    \n    \n    \n    \n    <a class=\"breakdance-link ee-image-accordion-link\" href=\"\/\" target=\"_self\" data-type=\"url\" aria-label=\"\" >\n    <\/a>\n\n            \n      \n                    <img decoding=\"async\" class=\"breakdance-image-object\" src=\"https:\/\/demo.psicoweb.co\/padresconscientes\/wp-content\/uploads\/2024\/06\/smiling-woman-holding-monstera-leaf-in-front-of-br-2024-06-13-16-57-00-utc-768x511.webp\" width=\"768\" height=\"511\" srcset=\"https:\/\/demo.psicoweb.co\/padresconscientes\/wp-content\/uploads\/2024\/06\/smiling-woman-holding-monstera-leaf-in-front-of-br-2024-06-13-16-57-00-utc.webp 1000w, https:\/\/demo.psicoweb.co\/padresconscientes\/wp-content\/uploads\/2024\/06\/smiling-woman-holding-monstera-leaf-in-front-of-br-2024-06-13-16-57-00-utc-300x200.webp 300w, https:\/\/demo.psicoweb.co\/padresconscientes\/wp-content\/uploads\/2024\/06\/smiling-woman-holding-monstera-leaf-in-front-of-br-2024-06-13-16-57-00-utc-768x511.webp 768w\" sizes=\"auto, (max-width: 1000px) 100vw, 1000px\" loading=\"lazy\">\n        \n    <\/div>\n\n  \n    \n    <div class=\"ee-image-accordion-item ee-image-accordion-item-2\">\n\n                            \n            \n            \n\n    \n    \n    \n    \n    \n    <a class=\"breakdance-link ee-image-accordion-link\" href=\"\/\" target=\"_self\" data-type=\"url\" aria-label=\"\" >\n    <\/a>\n\n            \n      \n                    <img decoding=\"async\" class=\"breakdance-image-object\" src=\"https:\/\/demo.psicoweb.co\/padresconscientes\/wp-content\/uploads\/2024\/06\/smiling-little-girl-holding-monstera-leaf-in-front-2024-06-13-16-57-00-utc-2-768x511.webp\" width=\"768\" height=\"511\" srcset=\"https:\/\/demo.psicoweb.co\/padresconscientes\/wp-content\/uploads\/2024\/06\/smiling-little-girl-holding-monstera-leaf-in-front-2024-06-13-16-57-00-utc-2.webp 1000w, https:\/\/demo.psicoweb.co\/padresconscientes\/wp-content\/uploads\/2024\/06\/smiling-little-girl-holding-monstera-leaf-in-front-2024-06-13-16-57-00-utc-2-300x200.webp 300w, https:\/\/demo.psicoweb.co\/padresconscientes\/wp-content\/uploads\/2024\/06\/smiling-little-girl-holding-monstera-leaf-in-front-2024-06-13-16-57-00-utc-2-768x511.webp 768w\" sizes=\"auto, (max-width: 1000px) 100vw, 1000px\" loading=\"lazy\">\n        \n    <\/div>\n\n  \n    \n    <div class=\"ee-image-accordion-item ee-image-accordion-item-3\">\n\n                            \n            \n            \n\n    \n    \n    \n    \n    \n    <a class=\"breakdance-link ee-image-accordion-link\" href=\"\/\" target=\"_self\" data-type=\"url\" aria-label=\"\" >\n    <\/a>\n\n            \n      \n                    <img decoding=\"async\" class=\"breakdance-image-object\" src=\"https:\/\/demo.psicoweb.co\/padresconscientes\/wp-content\/uploads\/2024\/06\/smiling-woman-holding-monstera-leaf-in-front-of-br-2024-03-25-18-08-28-utc-768x511.webp\" width=\"768\" height=\"511\" srcset=\"https:\/\/demo.psicoweb.co\/padresconscientes\/wp-content\/uploads\/2024\/06\/smiling-woman-holding-monstera-leaf-in-front-of-br-2024-03-25-18-08-28-utc.webp 1000w, https:\/\/demo.psicoweb.co\/padresconscientes\/wp-content\/uploads\/2024\/06\/smiling-woman-holding-monstera-leaf-in-front-of-br-2024-03-25-18-08-28-utc-300x200.webp 300w, https:\/\/demo.psicoweb.co\/padresconscientes\/wp-content\/uploads\/2024\/06\/smiling-woman-holding-monstera-leaf-in-front-of-br-2024-03-25-18-08-28-utc-768x511.webp 768w\" sizes=\"auto, (max-width: 1000px) 100vw, 1000px\" loading=\"lazy\">\n        \n    <\/div>\n\n  \n    \n    <div class=\"ee-image-accordion-item ee-image-accordion-item-4\">\n\n                            \n            \n            \n\n    \n    \n    \n    \n    \n    <a class=\"breakdance-link ee-image-accordion-link\" href=\"\/\" target=\"_self\" data-type=\"url\" aria-label=\"\" >\n    <\/a>\n\n            \n      \n                    <img decoding=\"async\" class=\"breakdance-image-object\" src=\"https:\/\/demo.psicoweb.co\/padresconscientes\/wp-content\/uploads\/2024\/06\/smiling-little-girl-holding-monstera-leaf-in-front-2024-06-13-16-57-00-utc-768x511.webp\" width=\"768\" height=\"511\" srcset=\"https:\/\/demo.psicoweb.co\/padresconscientes\/wp-content\/uploads\/2024\/06\/smiling-little-girl-holding-monstera-leaf-in-front-2024-06-13-16-57-00-utc.webp 1000w, https:\/\/demo.psicoweb.co\/padresconscientes\/wp-content\/uploads\/2024\/06\/smiling-little-girl-holding-monstera-leaf-in-front-2024-06-13-16-57-00-utc-300x200.webp 300w, https:\/\/demo.psicoweb.co\/padresconscientes\/wp-content\/uploads\/2024\/06\/smiling-little-girl-holding-monstera-leaf-in-front-2024-06-13-16-57-00-utc-768x511.webp 768w\" sizes=\"auto, (max-width: 1000px) 100vw, 1000px\" loading=\"lazy\">\n        \n    <\/div>\n\n  <\/div><div class=\"bde-button-65-120 bde-button\">\n    \n                                    \n    \n    \n    \n    \n            \n                    \n            \n            \n\n    \n    \n    \n    \n    \n    <a class=\"breakdance-link button-atom button-atom--secondary bde-button__button\" href=\"https:\/\/demo.psicoweb.co\/padresconscientes\/contacto\/\" target=\"_self\" data-type=\"url\"  >\n\n    \n        <span class=\"button-atom__text\">Cont\u00e1ctame<\/span>\n\n        \n        \n                <\/a>\n\n    \n\n\n<\/div><\/div>\n<\/section>","protected":false},"excerpt":{"rendered":"<p>Quien Soy Ver Psic\u00f3loga Esmeralda Aguirre Hola, me llamo Esmeralda Aguirre y soy Psic\u00f3loga y madre. Mi inter\u00e9s en la Crianza Respetuosa empez\u00f3 en el minuto uno, desde que supe que iba a ser madre. Desde ese instante, me compromet\u00ed a crear un entorno lleno de amor, comprensi\u00f3n y respeto para mi hijo.La crianza respetuosa [&hellip;]<\/p>\n","protected":false},"author":1,"featured_media":0,"parent":0,"menu_order":0,"comment_status":"closed","ping_status":"closed","template":"","meta":{"_breakdance_hide_in_design_set":false,"_breakdance_tags":"","footnotes":""},"class_list":["post-65","page","type-page","status-publish","hentry"],"_links":{"self":[{"href":"https:\/\/psicoweb.com.es\/padresconscientes\/wp-json\/wp\/v2\/pages\/65","targetHints":{"allow":["GET"]}}],"collection":[{"href":"https:\/\/psicoweb.com.es\/padresconscientes\/wp-json\/wp\/v2\/pages"}],"about":[{"href":"https:\/\/psicoweb.com.es\/padresconscientes\/wp-json\/wp\/v2\/types\/page"}],"author":[{"embeddable":true,"href":"https:\/\/psicoweb.com.es\/padresconscientes\/wp-json\/wp\/v2\/users\/1"}],"replies":[{"embeddable":true,"href":"https:\/\/psicoweb.com.es\/padresconscientes\/wp-json\/wp\/v2\/comments?post=65"}],"version-history":[{"count":2,"href":"https:\/\/psicoweb.com.es\/padresconscientes\/wp-json\/wp\/v2\/pages\/65\/revisions"}],"predecessor-version":[{"id":1158,"href":"https:\/\/psicoweb.com.es\/padresconscientes\/wp-json\/wp\/v2\/pages\/65\/revisions\/1158"}],"wp:attachment":[{"href":"https:\/\/psicoweb.com.es\/padresconscientes\/wp-json\/wp\/v2\/media?parent=65"}],"curies":[{"name":"wp","href":"https:\/\/api.w.org\/{rel}","templated":true}]}}